{"id":6095,"date":"2025-06-08T10:40:37","date_gmt":"2025-06-08T08:40:37","guid":{"rendered":"https:\/\/www.ifc-globaltn.com\/?page_id=6095"},"modified":"2025-07-14T11:18:45","modified_gmt":"2025-07-14T10:18:45","slug":"certification-alimentaire-et-des-aliments-pour-animaux","status":"publish","type":"page","link":"https:\/\/www.ifc-globaltn.com\/index.php\/certification-alimentaire-et-des-aliments-pour-animaux\/","title":{"rendered":"Certification Alimentaire"},"content":{"rendered":"\t\t<div data-elementor-type=\"wp-page\" data-elementor-id=\"6095\" class=\"elementor elementor-6095\" data-elementor-post-type=\"page\">\n\t\t\t\t<div class=\"elementor-element elementor-element-fc97ff1 e-con-full e-flex e-con e-parent\" data-id=\"fc97ff1\" data-element_type=\"container\" data-e-type=\"container\">\n\t\t\t\t<div class=\"elementor-element elementor-element-35ad031 elementor-widget__width-initial elementor-widget elementor-widget-heading\" data-id=\"35ad031\" data-element_type=\"widget\" data-e-type=\"widget\" data-widget_type=\"heading.default\">\n\t\t\t\t<div class=\"elementor-widget-container\">\n\t\t\t\t\t<h3 class=\"elementor-heading-title elementor-size-default\"><b>Certification Alimentaire <\/b><\/h3>\t\t\t\t<\/div>\n\t\t\t\t<\/div>\n\t\t\t\t<div class=\"elementor-element elementor-element-d5a3243 elementor-widget-divider--view-line elementor-widget elementor-widget-divider\" data-id=\"d5a3243\" data-element_type=\"widget\" data-e-type=\"widget\" data-widget_type=\"divider.default\">\n\t\t\t\t<div class=\"elementor-widget-container\">\n\t\t\t\t\t\t\t<div class=\"elementor-divider\">\n\t\t\t<span class=\"elementor-divider-separator\">\n\t\t\t\t\t\t<\/span>\n\t\t<\/div>\n\t\t\t\t\t\t<\/div>\n\t\t\t\t<\/div>\n\t\t\t\t<\/div>\n\t\t<div class=\"elementor-element elementor-element-bb93d61 e-con-full e-flex e-con e-parent\" data-id=\"bb93d61\" data-element_type=\"container\" data-e-type=\"container\">\n\t\t<div class=\"elementor-element elementor-element-b40178d e-con-full e-flex e-con e-child\" data-id=\"b40178d\" data-element_type=\"container\" data-e-type=\"container\">\n\t\t\t\t<div class=\"elementor-element elementor-element-125de43 elementor-widget elementor-widget-image\" data-id=\"125de43\" data-element_type=\"widget\" data-e-type=\"widget\" data-widget_type=\"image.default\">\n\t\t\t\t<div class=\"elementor-widget-container\">\n\t\t\t\t\t\t\t\t\t\t\t\t\t\t\t<img decoding=\"async\" src=\"https:\/\/www.ifc-globaltn.com\/wp-content\/uploads\/elementor\/thumbs\/food-and-feed-certification-r6yhfcbp59i9b1uu9fhzu199nwzbr1aqcf5sa9sxve.jpg\" title=\"food-and-feed-certification\" alt=\"food-and-feed-certification\" loading=\"lazy\" \/>\t\t\t\t\t\t\t\t\t\t\t\t\t\t\t<\/div>\n\t\t\t\t<\/div>\n\t\t\t\t<\/div>\n\t\t<div class=\"elementor-element elementor-element-57c7c9e e-con-full e-flex e-con e-child\" data-id=\"57c7c9e\" data-element_type=\"container\" data-e-type=\"container\">\n\t\t\t\t<div class=\"elementor-element elementor-element-cd5d3d1 elementor-widget elementor-widget-text-editor\" data-id=\"cd5d3d1\" data-element_type=\"widget\" data-e-type=\"widget\" data-widget_type=\"text-editor.default\">\n\t\t\t\t<div class=\"elementor-widget-container\">\n\t\t\t\t\t\t\t\t\t<div class=\"pointer-events-none h-px w-px\" aria-hidden=\"true\" data-edge=\"true\"><p data-start=\"0\" data-end=\"385\"><strong data-start=\"0\" data-end=\"149\">Dans les secteurs hautement r\u00e9glement\u00e9s de l\u2019alimentation et de l\u2019alimentation animale, assurer la conformit\u00e9 aux normes mondiales est essentiel.<\/strong><br data-start=\"149\" data-end=\"152\" \/>IFC Global propose des services complets d\u2019audit et de certification des syst\u00e8mes de gestion de la s\u00e9curit\u00e9 alimentaire, conform\u00e9ment aux normes internationales reconnues et approuv\u00e9es par la <strong data-start=\"344\" data-end=\"384\">Global Food Safety Initiative (GFSI)<\/strong>.<\/p><p data-start=\"387\" data-end=\"475\">Obtenir une certification t\u00e9moigne de l\u2019engagement de votre organisation en mati\u00e8re de :<\/p><p data-start=\"479\" data-end=\"616\"><strong data-start=\"479\" data-end=\"502\">Qualit\u00e9 et s\u00e9curit\u00e9<\/strong> : V\u00e9rification que vos produits alimentaires et pour animaux respectent les normes mondiales les plus strictes.<\/p><\/div>\t\t\t\t\t\t\t\t<\/div>\n\t\t\t\t<\/div>\n\t\t\t\t<\/div>\n\t\t\t\t<\/div>\n\t\t<div class=\"elementor-element elementor-element-98cb8ec e-con-full e-flex e-con e-child\" data-id=\"98cb8ec\" data-element_type=\"container\" data-e-type=\"container\">\n\t\t\t\t<div class=\"elementor-element elementor-element-71e82c2 elementor-widget elementor-widget-text-editor\" data-id=\"71e82c2\" data-element_type=\"widget\" data-e-type=\"widget\" data-widget_type=\"text-editor.default\">\n\t\t\t\t<div class=\"elementor-widget-container\">\n\t\t\t\t\t\t\t\t\t<p data-start=\"733\" data-end=\"846\"><strong data-start=\"733\" data-end=\"764\"><span data-start=\"619\" data-end=\"650\">Confiance des consommateurs<\/span><span style=\"font-weight: 400;\">\u00a0: Renforcement de la cr\u00e9dibilit\u00e9 aupr\u00e8s des clients et des parties prenantes.<\/span><br \/>Comp\u00e9titivit\u00e9 sur le march\u00e9<\/strong> : Acc\u00e8s facilit\u00e9 aux march\u00e9s internationaux gr\u00e2ce \u00e0 une certification reconnue.<br \/><strong data-start=\"849\" data-end=\"877\">Conformit\u00e9 r\u00e9glementaire<\/strong> : Garantie d\u2019alignement avec l\u2019\u00e9volution des exigences l\u00e9gales et de s\u00e9curit\u00e9.<br \/><strong data-start=\"958\" data-end=\"988\">Collaborez avec IFC Global<\/strong> pour am\u00e9liorer la r\u00e9putation de votre organisation, renforcer la confiance des consommateurs et obtenir un avantage concurrentiel dans les industries de l\u2019alimentation et de l\u2019alimentation animale.<\/p>\t\t\t\t\t\t\t\t<\/div>\n\t\t\t\t<\/div>\n\t\t\t\t<div class=\"elementor-element elementor-element-22f168f elementor-widget-divider--view-line elementor-widget elementor-widget-divider\" data-id=\"22f168f\" data-element_type=\"widget\" data-e-type=\"widget\" data-widget_type=\"divider.default\">\n\t\t\t\t<div class=\"elementor-widget-container\">\n\t\t\t\t\t\t\t<div class=\"elementor-divider\">\n\t\t\t<span class=\"elementor-divider-separator\">\n\t\t\t\t\t\t<\/span>\n\t\t<\/div>\n\t\t\t\t\t\t<\/div>\n\t\t\t\t<\/div>\n\t\t\t\t<\/div>\n\t\t<div class=\"elementor-element elementor-element-7a53703 e-con-full e-flex e-con e-child\" data-id=\"7a53703\" data-element_type=\"container\" data-e-type=\"container\">\n\t\t\t\t<div class=\"elementor-element elementor-element-a060b58 elementor-widget elementor-widget-text-editor\" data-id=\"a060b58\" data-element_type=\"widget\" data-e-type=\"widget\" data-widget_type=\"text-editor.default\">\n\t\t\t\t<div class=\"elementor-widget-container\">\n\t\t\t\t\t\t\t\t\t<p data-start=\"755\" data-end=\"872\"><strong data-start=\"1188\" data-end=\"1222\">Contactez-nous d\u00e8s aujourd\u2019hui<\/strong> pour en savoir plus sur nos services de certification dans le domaine de l\u2019alimentation et de l\u2019alimentation animale et franchir une nouvelle \u00e9tape vers l\u2019excellence.<\/p>\t\t\t\t\t\t\t\t<\/div>\n\t\t\t\t<\/div>\n\t\t\t\t<\/div>\n\t\t<div class=\"elementor-element elementor-element-000b583 e-grid e-con-full e-con e-parent\" data-id=\"000b583\" data-element_type=\"container\" data-e-type=\"container\">\n\t\t\t\t<div class=\"elementor-element elementor-element-19c5ee9 elementor-position-top elementor-widget elementor-widget-image-box\" data-id=\"19c5ee9\" data-element_type=\"widget\" data-e-type=\"widget\" data-widget_type=\"image-box.default\">\n\t\t\t\t<div class=\"elementor-widget-container\">\n\t\t\t\t\t<div class=\"elementor-image-box-wrapper\"><figure class=\"elementor-image-box-img\"><a href=\"https:\/\/www.ifc-globaltn.com\/index.php\/fssc-22000\/\" tabindex=\"-1\"><img decoding=\"async\" width=\"300\" height=\"94\" src=\"https:\/\/www.ifc-globaltn.com\/wp-content\/uploads\/2025\/06\/fssc-22000-logo-2020-1-1-300x94.png\" class=\"attachment-medium size-medium wp-image-6065\" alt=\"\" srcset=\"https:\/\/www.ifc-globaltn.com\/wp-content\/uploads\/2025\/06\/fssc-22000-logo-2020-1-1-300x94.png 300w, https:\/\/www.ifc-globaltn.com\/wp-content\/uploads\/2025\/06\/fssc-22000-logo-2020-1-1-1024x322.png 1024w, https:\/\/www.ifc-globaltn.com\/wp-content\/uploads\/2025\/06\/fssc-22000-logo-2020-1-1-768x242.png 768w, https:\/\/www.ifc-globaltn.com\/wp-content\/uploads\/2025\/06\/fssc-22000-logo-2020-1-1.png 1211w\" sizes=\"(max-width: 300px) 100vw, 300px\" \/><\/a><\/figure><div class=\"elementor-image-box-content\"><p class=\"elementor-image-box-description\"><b>\n  <a href=\"https:\/\/www.ifc-globaltn.com\/index.php\/fssc-22000\/\" style=\"color:#3c3b3b\">\n    FFSSC 22000\n  <\/a>\n<\/b>\n<\/p><\/div><\/div>\t\t\t\t<\/div>\n\t\t\t\t<\/div>\n\t\t\t\t<div class=\"elementor-element elementor-element-37bda05 elementor-position-top elementor-widget elementor-widget-image-box\" data-id=\"37bda05\" data-element_type=\"widget\" data-e-type=\"widget\" data-widget_type=\"image-box.default\">\n\t\t\t\t<div class=\"elementor-widget-container\">\n\t\t\t\t\t<div class=\"elementor-image-box-wrapper\"><figure class=\"elementor-image-box-img\"><a href=\"https:\/\/www.ifc-globaltn.com\/index.php\/fami-qs\/\" tabindex=\"-1\"><img decoding=\"async\" width=\"300\" height=\"108\" src=\"https:\/\/www.ifc-globaltn.com\/wp-content\/uploads\/2025\/06\/famiqs-logo-300x108.jpg\" class=\"attachment-medium size-medium wp-image-6064\" alt=\"\" srcset=\"https:\/\/www.ifc-globaltn.com\/wp-content\/uploads\/2025\/06\/famiqs-logo-300x108.jpg 300w, https:\/\/www.ifc-globaltn.com\/wp-content\/uploads\/2025\/06\/famiqs-logo-768x276.jpg 768w, https:\/\/www.ifc-globaltn.com\/wp-content\/uploads\/2025\/06\/famiqs-logo.jpg 1000w\" sizes=\"(max-width: 300px) 100vw, 300px\" \/><\/a><\/figure><div class=\"elementor-image-box-content\"><p class=\"elementor-image-box-description\"><b>\n  <a href=\"https:\/\/www.ifc-globaltn.com\/index.php\/fami-qs\/\" style=\"color:#3c3b3b\">\n    FAMI-QS\n  <\/a>\n<\/b>\n<\/p><\/div><\/div>\t\t\t\t<\/div>\n\t\t\t\t<\/div>\n\t\t\t\t<\/div>\n\t\t<div class=\"elementor-element elementor-element-4c5f2ab e-con-full e-flex e-con e-parent\" data-id=\"4c5f2ab\" data-element_type=\"container\" data-e-type=\"container\">\n\t\t\t\t<div class=\"elementor-element elementor-element-2b641a8 elementor-widget elementor-widget-spacer\" data-id=\"2b641a8\" data-element_type=\"widget\" data-e-type=\"widget\" data-widget_type=\"spacer.default\">\n\t\t\t\t<div class=\"elementor-widget-container\">\n\t\t\t\t\t\t\t<div class=\"elementor-spacer\">\n\t\t\t<div class=\"elementor-spacer-inner\"><\/div>\n\t\t<\/div>\n\t\t\t\t\t\t<\/div>\n\t\t\t\t<\/div>\n\t\t\t\t<\/div>\n\t\t<div class=\"elementor-element elementor-element-6cd3dc7 e-flex e-con-boxed e-con e-parent\" data-id=\"6cd3dc7\" data-element_type=\"container\" data-e-type=\"container\">\n\t\t\t\t\t<div class=\"e-con-inner\">\n\t\t\t\t<div class=\"elementor-element elementor-element-9d8405e elementor-widget elementor-widget-html\" data-id=\"9d8405e\" data-element_type=\"widget\" data-e-type=\"widget\" data-widget_type=\"html.default\">\n\t\t\t\t<div class=\"elementor-widget-container\">\n\t\t\t\t\t<div class=\"container\">\r\n    <div class=\"row\">\r\n        <div class=\"col-md-12\">\r\n            <div class=\"slogan-v2\">\r\n                <div class=\"slogan-content\">\r\n                    <div class=\"message\">\r\n                      <h2> Vous N'avez Pas Encore Obtenu Votre Certificat !\u200b<\/h2>\r\n                      <p>Prenez contact avec nos experts pour commancer.\u200b<\/p>\r\n                    <\/div>\r\n                    <div class=\"button-left\">\r\n                        <a href=\"https:\/\/www.ifc-globaltn.com\/index.php\/contact\/\" title=\"contactez-nous\">\r\n                          contactez-nous\r\n                        <\/a>\r\n                    <\/div>\r\n                <\/div>\r\n            <\/div>\r\n        <\/div>\r\n    <\/div>\r\n<\/div>\r\n\t\t\t\t<\/div>\n\t\t\t\t<\/div>\n\t\t\t\t\t<\/div>\n\t\t\t\t<\/div>\n\t\t\t\t<\/div>\n\t\t","protected":false},"excerpt":{"rendered":"<p>Certification Alimentaire Dans les secteurs hautement r\u00e9glement\u00e9s de l\u2019alimentation et de l\u2019alimentation animale, assurer la conformit\u00e9 aux normes mondiales est essentiel.IFC Global propose des services complets d\u2019audit et de certification des syst\u00e8mes de gestion de la s\u00e9curit\u00e9 alimentaire, conform\u00e9ment aux normes internationales reconnues et approuv\u00e9es par la Global Food Safety Initiative (GFSI). Obtenir une certification&hellip;<\/p>\n","protected":false},"author":3,"featured_media":6083,"parent":0,"menu_order":0,"comment_status":"closed","ping_status":"closed","template":"","meta":{"footnotes":""},"class_list":["post-6095","page","type-page","status-publish","has-post-thumbnail","hentry"],"yoast_head":"<!-- This site is optimized with the Yoast SEO plugin v27.4 - https:\/\/yoast.com\/product\/yoast-seo-wordpress\/ -->\n<title>Certification Alimentaire - IFC Global.TN<\/title>\n<meta name=\"description\" content=\"IFC Global Tunisie vous accompagne dans la certification alimentaire pour animaux pour assurer qualit\u00e9, s\u00e9curit\u00e9 et conformit\u00e9.\" \/>\n<meta name=\"robots\" content=\"index, follow, max-snippet:-1, max-image-preview:large, max-video-preview:-1\" \/>\n<link rel=\"canonical\" href=\"https:\/\/www.ifc-globaltn.com\/index.php\/certification-alimentaire-et-des-aliments-pour-animaux\/\" \/>\n<meta property=\"og:locale\" content=\"fr_FR\" \/>\n<meta property=\"og:type\" content=\"article\" \/>\n<meta property=\"og:title\" content=\"Certification Alimentaire - IFC Global.TN\" \/>\n<meta property=\"og:description\" content=\"IFC Global Tunisie vous accompagne dans la certification alimentaire pour animaux pour assurer qualit\u00e9, s\u00e9curit\u00e9 et conformit\u00e9.\" \/>\n<meta property=\"og:url\" content=\"https:\/\/www.ifc-globaltn.com\/index.php\/certification-alimentaire-et-des-aliments-pour-animaux\/\" \/>\n<meta property=\"og:site_name\" content=\"IFC Global.TN\" \/>\n<meta property=\"article:modified_time\" content=\"2025-07-14T10:18:45+00:00\" \/>\n<meta property=\"og:image\" content=\"https:\/\/www.ifc-globaltn.com\/wp-content\/uploads\/2025\/06\/hizmetlerimiz.jpg\" \/>\n\t<meta property=\"og:image:width\" content=\"1900\" \/>\n\t<meta property=\"og:image:height\" content=\"460\" \/>\n\t<meta property=\"og:image:type\" content=\"image\/jpeg\" \/>\n<meta name=\"twitter:card\" content=\"summary_large_image\" \/>\n<meta name=\"twitter:label1\" content=\"Dur\u00e9e de lecture estim\u00e9e\" \/>\n\t<meta name=\"twitter:data1\" content=\"2 minutes\" \/>\n<script type=\"application\/ld+json\" class=\"yoast-schema-graph\">{\"@context\":\"https:\\\/\\\/schema.org\",\"@graph\":[{\"@type\":\"WebPage\",\"@id\":\"https:\\\/\\\/www.ifc-globaltn.com\\\/index.php\\\/certification-alimentaire-et-des-aliments-pour-animaux\\\/\",\"url\":\"https:\\\/\\\/www.ifc-globaltn.com\\\/index.php\\\/certification-alimentaire-et-des-aliments-pour-animaux\\\/\",\"name\":\"Certification Alimentaire - IFC Global.TN\",\"isPartOf\":{\"@id\":\"https:\\\/\\\/www.ifc-globaltn.com\\\/#website\"},\"primaryImageOfPage\":{\"@id\":\"https:\\\/\\\/www.ifc-globaltn.com\\\/index.php\\\/certification-alimentaire-et-des-aliments-pour-animaux\\\/#primaryimage\"},\"image\":{\"@id\":\"https:\\\/\\\/www.ifc-globaltn.com\\\/index.php\\\/certification-alimentaire-et-des-aliments-pour-animaux\\\/#primaryimage\"},\"thumbnailUrl\":\"https:\\\/\\\/www.ifc-globaltn.com\\\/wp-content\\\/uploads\\\/2025\\\/06\\\/hizmetlerimiz.jpg\",\"datePublished\":\"2025-06-08T08:40:37+00:00\",\"dateModified\":\"2025-07-14T10:18:45+00:00\",\"description\":\"IFC Global Tunisie vous accompagne dans la certification alimentaire pour animaux pour assurer qualit\u00e9, s\u00e9curit\u00e9 et conformit\u00e9.\",\"breadcrumb\":{\"@id\":\"https:\\\/\\\/www.ifc-globaltn.com\\\/index.php\\\/certification-alimentaire-et-des-aliments-pour-animaux\\\/#breadcrumb\"},\"inLanguage\":\"fr-FR\",\"potentialAction\":[{\"@type\":\"ReadAction\",\"target\":[\"https:\\\/\\\/www.ifc-globaltn.com\\\/index.php\\\/certification-alimentaire-et-des-aliments-pour-animaux\\\/\"]}]},{\"@type\":\"ImageObject\",\"inLanguage\":\"fr-FR\",\"@id\":\"https:\\\/\\\/www.ifc-globaltn.com\\\/index.php\\\/certification-alimentaire-et-des-aliments-pour-animaux\\\/#primaryimage\",\"url\":\"https:\\\/\\\/www.ifc-globaltn.com\\\/wp-content\\\/uploads\\\/2025\\\/06\\\/hizmetlerimiz.jpg\",\"contentUrl\":\"https:\\\/\\\/www.ifc-globaltn.com\\\/wp-content\\\/uploads\\\/2025\\\/06\\\/hizmetlerimiz.jpg\",\"width\":1900,\"height\":460},{\"@type\":\"BreadcrumbList\",\"@id\":\"https:\\\/\\\/www.ifc-globaltn.com\\\/index.php\\\/certification-alimentaire-et-des-aliments-pour-animaux\\\/#breadcrumb\",\"itemListElement\":[{\"@type\":\"ListItem\",\"position\":1,\"name\":\"Accueil\",\"item\":\"https:\\\/\\\/www.ifc-globaltn.com\\\/\"},{\"@type\":\"ListItem\",\"position\":2,\"name\":\"Certification Alimentaire\"}]},{\"@type\":\"WebSite\",\"@id\":\"https:\\\/\\\/www.ifc-globaltn.com\\\/#website\",\"url\":\"https:\\\/\\\/www.ifc-globaltn.com\\\/\",\"name\":\"IFC Global.TN\",\"description\":\"Bienvenue sur IFC Global.TN Nous sommes la branche tunisienne officielle de IFC Global, un leader mondial dans le domaine des certifications ISO et des solutions de conformit\u00e9.\",\"publisher\":{\"@id\":\"https:\\\/\\\/www.ifc-globaltn.com\\\/#organization\"},\"potentialAction\":[{\"@type\":\"SearchAction\",\"target\":{\"@type\":\"EntryPoint\",\"urlTemplate\":\"https:\\\/\\\/www.ifc-globaltn.com\\\/?s={search_term_string}\"},\"query-input\":{\"@type\":\"PropertyValueSpecification\",\"valueRequired\":true,\"valueName\":\"search_term_string\"}}],\"inLanguage\":\"fr-FR\"},{\"@type\":\"Organization\",\"@id\":\"https:\\\/\\\/www.ifc-globaltn.com\\\/#organization\",\"name\":\"IFC Global.TN\",\"url\":\"https:\\\/\\\/www.ifc-globaltn.com\\\/\",\"logo\":{\"@type\":\"ImageObject\",\"inLanguage\":\"fr-FR\",\"@id\":\"https:\\\/\\\/www.ifc-globaltn.com\\\/#\\\/schema\\\/logo\\\/image\\\/\",\"url\":\"https:\\\/\\\/www.ifc-globaltn.com\\\/wp-content\\\/uploads\\\/2025\\\/01\\\/ifcgloballogo.png\",\"contentUrl\":\"https:\\\/\\\/www.ifc-globaltn.com\\\/wp-content\\\/uploads\\\/2025\\\/01\\\/ifcgloballogo.png\",\"width\":245,\"height\":90,\"caption\":\"IFC Global.TN\"},\"image\":{\"@id\":\"https:\\\/\\\/www.ifc-globaltn.com\\\/#\\\/schema\\\/logo\\\/image\\\/\"}}]}<\/script>\n<!-- \/ Yoast SEO plugin. -->","yoast_head_json":{"title":"Certification Alimentaire - IFC Global.TN","description":"IFC Global Tunisie vous accompagne dans la certification alimentaire pour animaux pour assurer qualit\u00e9, s\u00e9curit\u00e9 et conformit\u00e9.","robots":{"index":"index","follow":"follow","max-snippet":"max-snippet:-1","max-image-preview":"max-image-preview:large","max-video-preview":"max-video-preview:-1"},"canonical":"https:\/\/www.ifc-globaltn.com\/index.php\/certification-alimentaire-et-des-aliments-pour-animaux\/","og_locale":"fr_FR","og_type":"article","og_title":"Certification Alimentaire - IFC Global.TN","og_description":"IFC Global Tunisie vous accompagne dans la certification alimentaire pour animaux pour assurer qualit\u00e9, s\u00e9curit\u00e9 et conformit\u00e9.","og_url":"https:\/\/www.ifc-globaltn.com\/index.php\/certification-alimentaire-et-des-aliments-pour-animaux\/","og_site_name":"IFC Global.TN","article_modified_time":"2025-07-14T10:18:45+00:00","og_image":[{"width":1900,"height":460,"url":"https:\/\/www.ifc-globaltn.com\/wp-content\/uploads\/2025\/06\/hizmetlerimiz.jpg","type":"image\/jpeg"}],"twitter_card":"summary_large_image","twitter_misc":{"Dur\u00e9e de lecture estim\u00e9e":"2 minutes"},"schema":{"@context":"https:\/\/schema.org","@graph":[{"@type":"WebPage","@id":"https:\/\/www.ifc-globaltn.com\/index.php\/certification-alimentaire-et-des-aliments-pour-animaux\/","url":"https:\/\/www.ifc-globaltn.com\/index.php\/certification-alimentaire-et-des-aliments-pour-animaux\/","name":"Certification Alimentaire - IFC Global.TN","isPartOf":{"@id":"https:\/\/www.ifc-globaltn.com\/#website"},"primaryImageOfPage":{"@id":"https:\/\/www.ifc-globaltn.com\/index.php\/certification-alimentaire-et-des-aliments-pour-animaux\/#primaryimage"},"image":{"@id":"https:\/\/www.ifc-globaltn.com\/index.php\/certification-alimentaire-et-des-aliments-pour-animaux\/#primaryimage"},"thumbnailUrl":"https:\/\/www.ifc-globaltn.com\/wp-content\/uploads\/2025\/06\/hizmetlerimiz.jpg","datePublished":"2025-06-08T08:40:37+00:00","dateModified":"2025-07-14T10:18:45+00:00","description":"IFC Global Tunisie vous accompagne dans la certification alimentaire pour animaux pour assurer qualit\u00e9, s\u00e9curit\u00e9 et conformit\u00e9.","breadcrumb":{"@id":"https:\/\/www.ifc-globaltn.com\/index.php\/certification-alimentaire-et-des-aliments-pour-animaux\/#breadcrumb"},"inLanguage":"fr-FR","potentialAction":[{"@type":"ReadAction","target":["https:\/\/www.ifc-globaltn.com\/index.php\/certification-alimentaire-et-des-aliments-pour-animaux\/"]}]},{"@type":"ImageObject","inLanguage":"fr-FR","@id":"https:\/\/www.ifc-globaltn.com\/index.php\/certification-alimentaire-et-des-aliments-pour-animaux\/#primaryimage","url":"https:\/\/www.ifc-globaltn.com\/wp-content\/uploads\/2025\/06\/hizmetlerimiz.jpg","contentUrl":"https:\/\/www.ifc-globaltn.com\/wp-content\/uploads\/2025\/06\/hizmetlerimiz.jpg","width":1900,"height":460},{"@type":"BreadcrumbList","@id":"https:\/\/www.ifc-globaltn.com\/index.php\/certification-alimentaire-et-des-aliments-pour-animaux\/#breadcrumb","itemListElement":[{"@type":"ListItem","position":1,"name":"Accueil","item":"https:\/\/www.ifc-globaltn.com\/"},{"@type":"ListItem","position":2,"name":"Certification Alimentaire"}]},{"@type":"WebSite","@id":"https:\/\/www.ifc-globaltn.com\/#website","url":"https:\/\/www.ifc-globaltn.com\/","name":"IFC Global.TN","description":"Bienvenue sur IFC Global.TN Nous sommes la branche tunisienne officielle de IFC Global, un leader mondial dans le domaine des certifications ISO et des solutions de conformit\u00e9.","publisher":{"@id":"https:\/\/www.ifc-globaltn.com\/#organization"},"potentialAction":[{"@type":"SearchAction","target":{"@type":"EntryPoint","urlTemplate":"https:\/\/www.ifc-globaltn.com\/?s={search_term_string}"},"query-input":{"@type":"PropertyValueSpecification","valueRequired":true,"valueName":"search_term_string"}}],"inLanguage":"fr-FR"},{"@type":"Organization","@id":"https:\/\/www.ifc-globaltn.com\/#organization","name":"IFC Global.TN","url":"https:\/\/www.ifc-globaltn.com\/","logo":{"@type":"ImageObject","inLanguage":"fr-FR","@id":"https:\/\/www.ifc-globaltn.com\/#\/schema\/logo\/image\/","url":"https:\/\/www.ifc-globaltn.com\/wp-content\/uploads\/2025\/01\/ifcgloballogo.png","contentUrl":"https:\/\/www.ifc-globaltn.com\/wp-content\/uploads\/2025\/01\/ifcgloballogo.png","width":245,"height":90,"caption":"IFC Global.TN"},"image":{"@id":"https:\/\/www.ifc-globaltn.com\/#\/schema\/logo\/image\/"}}]}},"_links":{"self":[{"href":"https:\/\/www.ifc-globaltn.com\/index.php\/wp-json\/wp\/v2\/pages\/6095","targetHints":{"allow":["GET"]}}],"collection":[{"href":"https:\/\/www.ifc-globaltn.com\/index.php\/wp-json\/wp\/v2\/pages"}],"about":[{"href":"https:\/\/www.ifc-globaltn.com\/index.php\/wp-json\/wp\/v2\/types\/page"}],"author":[{"embeddable":true,"href":"https:\/\/www.ifc-globaltn.com\/index.php\/wp-json\/wp\/v2\/users\/3"}],"replies":[{"embeddable":true,"href":"https:\/\/www.ifc-globaltn.com\/index.php\/wp-json\/wp\/v2\/comments?post=6095"}],"version-history":[{"count":31,"href":"https:\/\/www.ifc-globaltn.com\/index.php\/wp-json\/wp\/v2\/pages\/6095\/revisions"}],"predecessor-version":[{"id":6498,"href":"https:\/\/www.ifc-globaltn.com\/index.php\/wp-json\/wp\/v2\/pages\/6095\/revisions\/6498"}],"wp:featuredmedia":[{"embeddable":true,"href":"https:\/\/www.ifc-globaltn.com\/index.php\/wp-json\/wp\/v2\/media\/6083"}],"wp:attachment":[{"href":"https:\/\/www.ifc-globaltn.com\/index.php\/wp-json\/wp\/v2\/media?parent=6095"}],"curies":[{"name":"wp","href":"https:\/\/api.w.org\/{rel}","templated":true}]}}